 s*r - 95 = 315. List the prime factors of r.
5, 41
Let h(j) = j**3 + 8*j**2 - 28*j + 23. Let s be h(-11). Let n = 65 + -3. Let f = s + n. What are the prime factors of f?
2, 3, 5
Suppose 6*i - 4*i = 220. What are the prime factors of i?
2, 5, 11
Let h be -2*2/(-8)*-30. Let z(v) = v**2 + 10*v - 7. List the prime factors of z(h).
2, 17
Suppose 2*n + 11 = 3*q - 7, 0 = 3*q + 4*n - 36. Suppose -4*i - 3*y - 4 = 0, -3*i - 4*y - 4 = -1. Let p = q - i. What are the prime factors of p?
3
Let j be (1 - -5)/(7/(-70)). Suppose -3*n + n - 4*a + 252 = 0, -3*a = -5*n + 565. Let q = n + j. What are the prime factors of q?
2, 7
Let m = 8671 - 5081. What are the prime factors of m?
2, 5, 359
Suppose 0 = -2*h - 38 + 42. Suppose 3*r - 255 = -h*r. What are the prime factors of r?
3, 17
Suppose -20*t + 10 = -21*t. What are the prime factors of (2 + -41)/(-13 - t)?
13
Let o(g) = 3*g**2 + 94*g - 13. What are the prime factors of o(-43)?
2, 373
Suppose 0 = 4*a - 2*n - 22, 28 = 5*a - 2*n + 1. Suppose a*t + q - 4*q = -113, -4 = -4*q. Let v = t - -68. What are the prime factors of v?
2, 23
List the prime factors of -8 + 4923 + -1 - (-6 + -2).
2, 23, 107
Suppose 2*i + 5*d = 38, -4*d - 11 = -0*i - 3*i. Let l(t) = 4*t + 96. Let n be l(-15). Let b = n - i. List the prime factors of b.
3
Let p = 293 + -6. What are the prime factors of p?
7, 41
Let k = 42 + 82. What are the prime factors of k?
2, 31
Suppose 3*i - m = 13, -3*i + m - 4*m = -21. Suppose -813 - 202 = -i*a. What are the prime factors of a?
7, 29
Let s(m) = m**3 + 43*m**2 - 7*m + 118. What are the prime factors of s(-43)?
419
Let n = -23 + 24. Let b(m) = 2*m + 3. What are the prime factors of b(n)?
5
Let i be 6*1/(-2) - -1. Let s = -16 - i. List the prime factors of (s/4)/(1/(-12)).
2, 3, 7
Let o(x) = x**3 - 4*x**2 + 3*x + 1. Let a be o(3). Suppose l = 11 + a. What are the prime factors of l?
2, 3
Let c be ((-4)/3)/(6/(-9)). Suppose v + v = -4*d + 216, -5*d - c*v + 268 = 0. List the prime factors of d.
2, 13
Suppose 0 = -h + 7*h - 12. Suppose -h*l + 4*l = 186. What are the prime factors of l?
3, 31
Let j(x) = -91*x + 205. List the prime factors of j(-6).
751
Let l = -4 + 16. Suppose -25*r + 23*r = l. Let i = r + 64. What are the prime factors of i?
2, 29
Suppose 0 = 2*z + 6, 3*s + 2*z - 2670 = -0*z. What are the prime factors of s?
2, 223
Let y(b) = 63*b**2 + b. What are the prime factors of y(1)?
2
Suppose 40 = 2*s - 2*y, 0*y = -2*s + 3*y + 43. Let n = s + 49. What are the prime factors of n?
2, 3, 11
Suppose s - 3*s = -14. Let m(k) = -k + 9. Let v be m(s). Suppose -v*t = -8 - 16. What are the prime factors of t?
2, 3
Let s(i) = -i + 2. Let p be s(2). Suppose -6 = 2*f, -t + 5*f + 75 = -p*t. What are the prime factors of t?
2, 3, 5
Suppose 3*k - 270 = -2*k + 5*m, 228 = 4*k + 2*m. Let s = k + -11. What are the prime factors of s?
3, 5
Let g = -8 - -16. Let t = 8 + g. List the prime factors of t.
2
Suppose -2*j - 5*g = -4*j + 889, -j + 477 = 4*g. Let i = j + -194. What are the prime factors of i?
263
Let c = 13 - 17. Let z be (-2 + 2)/1 - c. Suppose 0 = -z*o + 165 + 15. What are the prime factors of o?
3, 5
Let t(k) = 2*k - 10. Let m be t(5). Suppose -29*g + 24*g - 25 = m. List the prime factors of 4/(-10) + (-227)/g.
3, 5
Suppose -88 - 32 = -4*h. Suppose 40 + h = -5*i. Let z = i + 32. List the prime factors of z.
2, 3
Let k = -184 + 312. Let g = k - 78. What are the prime factors of g?
2, 5
Suppose 3*m + 10 = 4*m. Suppose -3*h + f = -0*f - m, -h + 5*f + 22 = 0. Suppose -34 = -h*b + 10. What are the prime factors of b?
2, 11
Let q = 644 + -176. Suppose -4*y + q = 5*y. What are the prime factors of y?
2, 13
Suppose a = 5*a - 9716. What are the prime factors of a?
7, 347
Suppose 0 = 2*f + 3*f - 155. Let c = f - -27. Let d = c - 29. List the prime factors of d.
29
Let m(d) = -d**3 - 3*d**2 - d + 1. Let a be m(-3). Suppose -3*i - 2*w + 159 = w, 210 = a*i + 3*w. What are the prime factors of i?
3, 17
Let l(q) = -2*q**3 + 3*q**2 + q - 1. Let z be l(3). Let k = -16 - z. What are the prime factors of k?
3
Let r = 142 - 225. Let f = 154 + r. What are the prime factors of f?
71
Suppose 0 = -4*m + 3*n + 1145, -60*m + 272 = -59*m + 4*n. What are the prime factors of m?
2, 71
Suppose -3*z = -i - 147, 0 = -5*z - 4*i + 304 - 76. Let g(x) = 5*x**2 - 6*x - 4. Let m be g(-4). What are the prime factors of (z/(-20))/((-8)/m)?
2, 3, 5
Suppose 4*o + 11 = 31. Suppose 0 = -a - c + 29, -5*a - c + o*c + 163 = 0. List the prime factors of a.
31
Let x(b) = -b**2 + 6*b - 11. Let k be x(3). List the prime factors of 178/(-1 + 2) + k.
2, 11
Suppose 11*j - 10*j = 169. Suppose -4*b = -j - 259. What are the prime factors of b?
107
Let y(i) = i**2 - 9*i + 16. Let r be y(8). Suppose -x + 1 = r. Let v(p) = p**3 + 6*p**2 - 6*p + 13. What are the prime factors of v(x)?
2, 3
What are the prime factors of (119 + 12/3)*3?
3, 41
Let s = -2495 - -5022. What are the prime factors of s?
7, 19
Suppose 0 = c - 584 - 1086. List the prime factors of c.
2, 5, 167
Let w = 1612 - 1154. What are the prime factors of w?
2, 229
Suppose 5*k = -2*v + 3*v - 9, -3*k = 3. Suppose 5*g - 3*f + 81 = -222, -2*g - 142 = v*f. Let s = g - -102. What are the prime factors of s?
3, 13
Let h = -16 + 97. Suppose -h - 109 = -5*g. Suppose d - g = -13. List the prime factors of d.
5
Let z be 512/(6 + (-6 - -1)). Let j = z - 226. List the prime factors of j.
2, 11, 13
Suppose 1720 = 55*a - 45*a. What are the prime factors of a?
2, 43
Suppose -5*q - a - 4904 = 3*a, -3*a - 983 = q. Let m be q/(-25) - 4/20. Suppose i - 25 = m. List the prime factors of i.
2
Suppose -6*z = -4*i - 2*z + 16, 0 = -i - 5*z + 10. What are the prime factors of i?
5
What are the prime factors of 3787 - (-2 + (7 - -4))?
2, 1889
Suppose -3*v - 2*v = -150. Let q = 9 + -7. Suppose -w - q*w = -v. What are the prime factors of w?
2, 5
Suppose 0 = -3*n - n + 12, 5*o + 5*n + 115 = 0. What are the prime factors of (o/6)/((-2)/96)?
2, 13
Suppose -5*g + 8 = -7. Let n(r) = -230 + 116 + 111 - r + r**2. What are the prime factors of n(g)?
3
Let h be (2 - -1) + 1089/11. Let v = -69 + h. List the prime factors of v.
3, 11
List the prime factors of 10/6 - ((-25616)/24 - 14).
3, 19
Let n be (12/18)/((-2)/6). Let d be 2/(-2) - (-6 - n). Suppose 32 = j + r, -d*r + r = -3*j + 86. What are the prime factors of j?
2, 3, 5
Let f(h) = 4*h**3 - 1. Let m be f(1). What are the prime factors of 2 - m - (-51 - 0)?
2, 5
Suppose 2*i + 5*t = -i + 7, i = -2*t + 2. Suppose l - 34 = 5*o + 3*l, 3*l = i*o + 41. Let y = 28 + o. List the prime factors of y.
2, 5
Let f(o) be the second derivative of 53*o**4/12 + o**3/3 - 3*o**2/2 - 25*o. List the prime factors of f(2).
3, 71
Let d = -68 + 61. Let l(j) = -j**3 - 7*j**2 - 12*j - 13. List the prime factors of l(d).
71
Let g be 2461/5 + 4 + (-63)/15. Suppose 0 = 4*m + 4*k - 2*k - g, 0 = 4*m + 4*k - 484. List the prime factors of m.
5
Let b = 3997 + -2383. What are the prime factors of b?
2, 3, 269
Suppose 4*w - 106 = -f + 380, 0 = -5*w + f + 603. Suppose 709 - w = 6*v. List the prime factors of v.
2, 7
Let h(v) = -v**2 + 32*v - 21. List the prime factors of h(19).
2, 113
Suppose q - 59 = -55. Suppose -99 = q*z - 251. What are the prime factors of z?
2, 19
Let r(m) be the third derivative of 0*m + 0 - m**2 + 1/6*m**3 + 35/24*m**4. What are the prime factors of r(1)?
2, 3
Suppose -23*z + 26874 + 1945 = 0. What are the prime factors of z?
7, 179
Let u be 9/63 - (-12)/14. Let r be (-42)/(-12)*(1 + u). Let d = 3 + r. List the prime factors of d.
2, 5
Let b(x) = x**3 - x**2 - 5*x - 3. Let k be b(-3). Let o = k - -50. List the prime factors of o.
2, 13
Let j = 1470 + -375. List the prime factors of j.
3, 5, 73
Let u(f) = 6*f**2 - f - 4. Let d(t) = 2*t - 15. Let h be d(6). What are the prime factors of u(h)?
53
Let d(n) = -321*n + 261. List the prime factors of d(-6).
3
Suppose -5*s - 5*i = -2*s - 1386, -2*i - 473 = -s. What are the prime factors of s?
467
Suppose 4*q + q = 15. Let v(j) = j**2 - 5*j + 29. Let i be v(5). Suppose -i = q*f - 206. What are the prime factors of f?
59
Let k = -46 + 142. Let u = k + -68. List the prime factors of u.
2, 7
Let b be (-24)/18 + 193/3. Suppose -92 - b = -y. What are the prime factors of y?
5, 31
Suppose -2*n - 38 = -0*n - 2*s, -2*n - s = 35. Let v be (-4)/n + (-4)/18. List the 